 65886588?
True
Is 115 a factor of 84116893?
False
Is 1366784 a multiple of 8?
True
Is 54 a factor of 6425121582?
True
Does 56 divide 562604097?
False
Does 186 divide 58778232?
True
Does 766 divide 24138192?
True
Does 172 divide 2508109106?
False
Does 1740 divide 505224422?
False
Is 11 a factor of 1724792112?
False
Is 2385403348 a multiple of 223?
True
Is 2657286 a multiple of 141?
True
Is 3027292382 a multiple of 16?
False
Is 130 a factor of 155513020?
True
Is 301661614 a multiple of 2747?
False
Is 5 a factor of 35906315?
True
Is 4647685 a multiple of 29?
True
Does 17 divide 25874737?
False
Is 4 a factor of 102873124?
True
Is 1751 a factor of 534335160?
True
Is 898519188 a multiple of 15?
False
Is 18 a factor of 627451264?
False
Is 9354240 a multiple of 42?
True
Is 150384704 a multiple of 34?
False
Does 9 divide 123310132?
False
Is 2316638089 a multiple of 741?
False
Is 11 a factor of 18876110?
True
Is 105 a factor of 40748190?
True
Does 138 divide 1139131212?
True
Is 2340839819 a multiple of 16?
False
Is 12 a factor of 161888904?
True
Is 2266906836 a multiple of 10852?
True
Is 119159892 a multiple of 6?
True
Is 441 a factor of 6874135?
False
Is 669 a factor of 80137503?
True
Does 16 divide 7052851616?
True
Is 72041340 a multiple of 86?
True
Is 33592746 a multiple of 507?
False
Is 712 a factor of 64291464?
True
Does 28 divide 182527243?
False
Does 207 divide 20522601?
True
Does 3 divide 100684387?
False
Is 10 a factor of 41521566?
False
Is 2136 a factor of 1234776744?
True
Does 2 divide 9714876?
True
Is 155106429 a multiple of 4183?
False
Is 40 a factor of 580291869?
False
Does 634 divide 73938348?
True
Is 4 a factor of 205590932?
True
Does 34 divide 37207731?
False
Is 10 a factor of 189655052?
False
Is 2 a factor of 76253660?
True
Is 77 a factor of 134103881?
False
Is 61094868 a multiple of 388?
True
Does 410 divide 90565720?
True
Does 208 divide 584205440?
True
Does 91 divide 1837029376?
True
Is 418979808 a multiple of 1692?
True
Does 94 divide 992640?
True
Is 24291794 a multiple of 103?
False
Is 17841062 a multiple of 1430?
False
Is 3270 a factor of 20492022?
False
Is 26 a factor of 2328458054?
True
Does 289 divide 17066028?
True
Is 29570673 a multiple of 153?
False
Is 3585300 a multiple of 100?
True
Is 52471488 a multiple of 850?
False
Is 2252875 a multiple of 114?
False
Is 1961 a factor of 831163967?
True
Does 117 divide 466344099?
True
Does 175 divide 93164376?
False
Is 2298 a factor of 6102895?
False
Does 30 divide 10147328?
False
Is 10636 a factor of 727483502?
False
Is 106 a factor of 36530245?
False
Does 1017 divide 67334369?
False
Is 369 a factor of 2987326507?
False
Is 2028512427 a multiple of 804?
False
Is 35230510 a multiple of 12?
False
Is 3 a factor of 143440001?
False
Is 17 a factor of 15472125?
True
Is 144 a factor of 3357266426?
False
Is 15 a factor of 118866059?
False
Is 7 a factor of 50285129?
False
Is 8683058 a multiple of 73?
True
Does 3926 divide 1065830144?
False
Is 9 a factor of 1464330?
False
Does 41 divide 743792316?
True
Does 30 divide 983840428?
False
Is 560 a factor of 579006960?
True
Does 823 divide 307282838?
False
Does 88 divide 681253670?
False
Is 3 a factor of 42694966?
False
Is 5648 a factor of 980481504?
True
Is 70 a factor of 1065773078?
False
Is 344 a factor of 55158126?
False
Does 88 divide 818928?
True
Does 13 divide 166339010?
False
Does 34 divide 3785965597?
False
Is 15403876 a multiple of 71?
True
Is 171 a factor of 7134120?
True
Is 59891908 a multiple of 71?
True
Is 279 a factor of 8908662?
False
Does 93 divide 402410650?
False
Does 55 divide 23865946?
False
Does 64 divide 361032937?
False
Is 55598168 a multiple of 1171?
False
Is 17 a factor of 164191818?
False
Does 20 divide 720986632?
False
Does 106 divide 21216430?
True
Is 197557926 a multiple of 5822?
True
Does 1153 divide 142813281?
False
Is 7939300 a multiple of 20?
True
Is 2409 a factor of 1406646417?
True
Is 26 a factor of 189075691?
False
Is 117 a factor of 3163827090?
False
Is 321 a factor of 1345722?
False
Is 413185971 a multiple of 11?
True
Does 30 divide 1194998949?
False
Is 1299674536 a multiple of 18?
False
Is 134104 a multiple of 8?
True
Does 36 divide 200764893?
False
Does 59 divide 2285624792?
False
Is 195 a factor of 19866600?
True
Does 553 divide 405861631?
True
Is 25649808 a multiple of 12?
True
Is 169731835 a multiple of 35?
True
Does 520 divide 34851485?
False
Is 37 a factor of 1815422985?
False
Is 4888350 a multiple of 710?
True
Is 129036442 a multiple of 1134?
False
Is 36132939 a multiple of 459?
True
Is 373733220 a multiple of 1172?
True
Is 48454376 a multiple of 531?
False
Is 441334746 a multiple of 3142?
True
Is 99467081 a multiple of 224?
False
Is 26878369 a multiple of 39?
False
Is 2 a factor of 85960001?
False
Is 33 a factor of 17027406?
True
Does 8 divide 1208062216?
True
Does 22 divide 2817934460?
True
Does 140 divide 8942360?
True
Does 7 divide 37862018?
False
Is 11845189 a multiple of 31?
False
Is 15475627 a multiple of 282?
False
Is 621 a factor of 51957207?
True
Is 1492268 a multiple of 15?
False
Is 6546191 a multiple of 15?
False
Is 68 a factor of 119270210?
False
Does 54 divide 29744604?
True
Does 151 divide 1801315189?
False
Does 17 divide 312759687?
False
Is 904 a factor of 1921509856?
True
Is 5734227 a multiple of 548?
False
Does 3514 divide 213307116?
False
Is 845 a factor of 1369625010?
True
Is 10263047 a multiple of 19?
False
Does 96 divide 229289280?
True
Is 3298395192 a multiple of 2857?
False
Is 1179 a factor of 14115815?
False
Is 22 a factor of 219255476?
True
Is 133 a factor of 4505731?
False
Is 105662264 a multiple of 4430?
False
Is 132039866 a multiple of 14?
True
Does 8 divide 6539489389?
False
Is 546047144 a multiple of 776?
True
Is 12255868 a multiple of 4?
True
Does 29 divide 611082519?
True
Is 63 a factor of 248108186?
False
Is 59089609 a multiple of 2?
False
Is 48 a factor of 129382944?
True
Is 1337 a factor of 1406698062?
False
Does 6468 divide 1038691941?
False
Is 53451286 a multiple of 2?
True
Is 39 a factor of 3340155?
True
Is 317761668 a multiple of 14?
True
Does 215 divide 501900300?
True
Is 9 a factor of 6765660?
True
Is 7735 a factor of 2341989258?
False
Is 2 a factor of 6593359?
False
Is 3787 a factor of 525347788?
True
Is 18 a factor of 660975210?
True
Does 24 divide 3374688?
True
Is 860602939 a multiple of 88?
False
Is 792768460 a multiple of 220?
True
Is 1822260198 a multiple of 1235?
False
Does 8646 divide 1027464702?
True
Does 772 divide 4957647?
False
Does 33 divide 268366215?
False
Does 4894 divide 172182285?
False
Does 8 divide 42670848?
True
Is 353977961 a multiple of 128?
False
Is 7623 a factor of 1281883680?
True
Is 196 a factor of 37850344?
True
Is 430165903 a multiple of 590?
False
Is 670635082 a multiple of 7151?
True
Does 9 divide 65463030?
True
Is 16926483 a multiple of 9?
False
Does 250 divide 75962757?
False
Does 13 divide 46848113?
True
Is 180537048 a multiple of 86?
True
Is 52997490 a multiple of 162?
True
Is 32 a factor of 9039136?
True
Is 1695 a factor of 63402716?
False
Is 5319 a factor of 294805575?
True
Is 3 a factor of 1351302?
True
Is 11915730 even?
True
Does 2676 divide 425100346?
False
Does 49 divide 1056001186?
False
Is 468678658 a multiple of 7?
True
Is 54116424 a multiple of 828?
True
Is 146898648 a multiple of 52?
True
Is 39 a factor of 1221158750?
False
Is 84 a factor of 260392944?
True
Does 107 divide 1018189587?
False
Does 15 divide 55419718?
False
Is 115 a factor of 1035925290?
True
Is 165325094 a multiple of 142?
False
Does 39 divide 29466245?
False
Is 29 a factor of 1060253655?
False
Is 25254173 a multiple of 59?
False
Is 687 a factor of 3184554081?
False
Is 333 a factor of 289023389?
False
Is 274 a factor of 23089158?
True
Is 473 a factor of 26456371?
False
Is 49150906 a multiple of 14?
True
Is 856 a factor of 380249752?
True
Does 67 divide 26024944?
True
Does 710 divide 92706120?
True
Is 1556 a factor of 46174534?
False
Is 9 a factor of 6323859?
True
Does 21 divide 305229058?
False
Is 14 a factor of 44205189?
False
Is 516601607 a multiple of 9?
False
Does 87 divide 125856549?
True
Is 36714655 a multiple of 508?
False
Is 4385 a factor of 629223096?
False
Is 13704141 a multiple of 408?
False
Is 1119 a factor of 1339717379?
False
Is 3059 a